{"id":795,"date":"2023-04-04T14:36:07","date_gmt":"2023-04-04T11:36:07","guid":{"rendered":"https:\/\/nuve.com.tr\/NHaber\/?page_id=795"},"modified":"2023-04-12T09:22:54","modified_gmt":"2023-04-12T06:22:54","slug":"nhaber-2","status":"publish","type":"page","link":"https:\/\/nuve.com.tr\/NHaber\/?page_id=795","title":{"rendered":"NHaber"},"content":{"rendered":"\n<figure class=\"wp-block-image size-full is-resized\"><img loading=\"lazy\" decoding=\"async\" src=\"https:\/\/nuve.com.tr\/NHaber\/wp-content\/uploads\/2023\/04\/image.png\" alt=\"\" class=\"wp-image-780\" width=\"910\" height=\"596\" srcset=\"https:\/\/nuve.com.tr\/NHaber\/wp-content\/uploads\/2023\/04\/image.png 993w, https:\/\/nuve.com.tr\/NHaber\/wp-content\/uploads\/2023\/04\/image-300x197.png 300w, https:\/\/nuve.com.tr\/NHaber\/wp-content\/uploads\/2023\/04\/image-768x503.png 768w\" sizes=\"auto, (max-width: 910px) 100vw, 910px\" \/><\/figure>\n\n\n\n<div class=\"wp-block-media-text alignwide has-media-on-the-right is-stacked-on-mobile\" style=\"grid-template-columns:auto 28%\"><div class=\"wp-block-media-text__content\">\n<p>1997 y\u0131l\u0131nda N\u00fcve\u2019nin vizyoner yakla\u015f\u0131m\u0131 ile kendi sekt\u00f6r\u00fcnde ilk kurumsal yay\u0131n olarak hayata ba\u015flayan N\u00fcve B\u00fclten\u2019in ard\u0131ndan 25 y\u0131l ge\u00e7ti.<\/p>\n\n\n\n<p>\u00c7al\u0131\u015fanlar\u0131m\u0131z ba\u015fta olmak \u00fczere, bayilerimiz, kullan\u0131c\u0131lar\u0131m\u0131z, \u00fcniversiteler, hastaneler, sanayinin farkl\u0131 alanlar\u0131nda faaliyet g\u00f6steren laboratuvarlar, kamu kurum ve kurulu\u015flar\u0131, sivil toplum kurulu\u015flar\u0131, tedarik\u00e7ilerimiz derken ula\u015ft\u0131\u011f\u0131m\u0131z herkes bize ilham kayna\u011f\u0131 oldu ve yay\u0131nlar\u0131m\u0131z\u0131n devam\u0131nda bize \u0131\u015f\u0131k tuttu.<\/p>\n\n\n\n<p>N\u00fcve\u2019nin ileti\u015fim ara\u00e7lar\u0131ndan biri olan bu \u00f6zg\u00fcn yay\u0131n ayn\u0131 zamanda sekt\u00f6r taraf\u0131ndan da i\u00e7eri\u011fine ba\u015fvurulan bir kaynak de\u011feri g\u00f6rd\u00fc. Bu yay\u0131n sayesinde b\u00fcy\u00fck bir ar\u015fiv sahibi olduk ve N\u00fcve ailesinin y\u0131llar i\u00e7erisinde t\u00fcm d\u00fcnyada nas\u0131l b\u00fcy\u00fcd\u00fc\u011f\u00fcn\u00fc bu yay\u0131nlarla tarihe not d\u00fc\u015ft\u00fck. N\u00fcvemiz, \u00fclkemiz ve d\u00fcnyam\u0131za dair haberleri ve g\u00fczel an\u0131lar\u0131m\u0131z\u0131 ar\u015fivledik. Art\u0131k bu ar\u015fivi g\u00fcn\u00fcm\u00fcz ko\u015fullar\u0131nda, kaynaklar\u0131m\u0131z\u0131 etkin kullanmak ve g\u00fczel d\u00fcnyam\u0131z\u0131n s\u00fcrd\u00fcr\u00fclebilirli\u011fini sa\u011flamak ad\u0131na dijitale ta\u015f\u0131man\u0131n vakti geldi. Bundan sonraki yay\u0131nlar\u0131m\u0131z\u0131 bas\u0131l\u0131 olarak de\u011fil, yeni \u00e7a\u011f\u0131n bize sundu\u011fu imkanlar\u0131 de\u011ferlendirerek dijital ortamda devam<br>ettirmeye ba\u015fl\u0131yoruz.<\/p>\n\n\n\n<p>K\u00e2\u011f\u0131d\u0131n, elle tutulabilen bilginin k\u0131ymeti, sizlerin eline ula\u015fm\u0131\u015f ve taraf\u0131n\u0131zdan \u00e7evrilen sayfalar\u0131n bizim i\u00e7in de\u011feri elbette tart\u0131\u015f\u0131lmaz ancak 25 y\u0131ld\u0131r peki\u015fen dostlu\u011fumuzun yeni ileti\u015fim ara\u00e7lar\u0131na da k\u0131sa s\u00fcrede adapte olaca\u011f\u0131na inan\u0131yor, yeni bir mecrada, yenilenen i\u00e7eri\u011fimiz ve yeni haberlerimizle bulu\u015fmak i\u00e7in sab\u0131rs\u0131zlan\u0131yoruz. 55. y\u0131l\u0131m\u0131z\u0131 kutlayaca\u011f\u0131m\u0131z 2023 y\u0131l\u0131nda keyif, mutluluk ve sa\u011fl\u0131\u011fa a\u00e7\u0131lan yeni nesil sayfalarda bulu\u015fmak dile\u011fiyle<\/p>\n<\/div><figure class=\"wp-block-media-text__media\"><a href=\"https:\/\/nuve.com.tr\/NHaber\/?page_id=70\" target=\"_blank\" rel=\"noreferrer noopener\"><img loading=\"lazy\" decoding=\"async\" width=\"241\" height=\"533\" src=\"https:\/\/nuve.com.tr\/NHaber\/wp-content\/uploads\/2023\/04\/image-1.png\" alt=\"\" class=\"wp-image-781 size-full\" srcset=\"https:\/\/nuve.com.tr\/NHaber\/wp-content\/uploads\/2023\/04\/image-1.png 241w, https:\/\/nuve.com.tr\/NHaber\/wp-content\/uploads\/2023\/04\/image-1-136x300.png 136w\" sizes=\"auto, (max-width: 241px) 100vw, 241px\" \/><\/a><\/figure><\/div>\n\n\n\n<hr class=\"wp-block-separator has-alpha-channel-opacity\"\/>\n\n\n<div class=\"wp-block-image\">\n<figure class=\"aligncenter size-full is-resized\"><img loading=\"lazy\" decoding=\"async\" src=\"https:\/\/nuve.com.tr\/NHaber\/wp-content\/uploads\/2023\/04\/image-2.png\" alt=\"\" class=\"wp-image-782\" width=\"787\" height=\"356\" srcset=\"https:\/\/nuve.com.tr\/NHaber\/wp-content\/uploads\/2023\/04\/image-2.png 855w, https:\/\/nuve.com.tr\/NHaber\/wp-content\/uploads\/2023\/04\/image-2-300x136.png 300w, https:\/\/nuve.com.tr\/NHaber\/wp-content\/uploads\/2023\/04\/image-2-768x348.png 768w\" sizes=\"auto, (max-width: 787px) 100vw, 787px\" \/><\/figure>\n<\/div>\n\n\n<hr class=\"wp-block-separator has-alpha-channel-opacity\"\/>\n\n\n\n<p class=\"has-text-align-center\"><strong>N&#8217;\u0130Y\u0130 HABER&#8217;DE S\u0130ZLER\u0130 NELER BEKL\u0130YOR?<\/strong><br><\/p>\n\n\n\n<p><strong>N&#8217;\u0130Y\u0130 HABER<\/strong>&#8216;de i\u00e7imizden ve d\u00fcnyadan haberler, son geli\u015fmeler, sanat\u0131n ya\u015fama katt\u0131\u011f\u0131 renkler ve ya\u015fam\u0131n sa\u011fl\u0131kla s\u00fcrmesi i\u00e7in gerekenler gibi hem d\u00fcnden gelen hem de bug\u00fcnden yeni eklenen ba\u015fl\u0131klarla bulu\u015facaks\u0131n\u0131z. Evrensel, d\u0131\u015fa d\u00f6n\u00fck, merakl\u0131 ve i\u00e7ten haberlerin yer ald\u0131\u011f\u0131 yeni yay\u0131n\u0131m\u0131zda hangi ba\u015fl\u0131klar neler anlatacak? Haz\u0131rsan\u0131z ba\u015flayal\u0131m.<\/p>\n\n\n\n<hr class=\"wp-block-separator has-alpha-channel-opacity\"\/>\n\n\n\n<div class=\"wp-block-media-text alignwide has-media-on-the-right is-stacked-on-mobile\"><div class=\"wp-block-media-text__content\">\n<p><strong>H A B E R L E R<\/strong><br>Kat\u0131ld\u0131\u011f\u0131m\u0131z fuar, kongre, seminer<br>gibi organizasyonlar\u0131n detaylar\u0131n\u0131<br>sizlerle payla\u015faca\u011f\u0131m\u0131z bir b\u00f6l\u00fcm.<br>G\u00fczel yurdumuzda ve ihracat<br>yapt\u0131\u011f\u0131m\u0131z \u00fclkelerde bayilerimizle<br>yapt\u0131\u011f\u0131m\u0131z faaliyetler, i\u015f<br>ziyaretlerimiz bu b\u00f6l\u00fcmde<br>i\u015flenecek. Kurumsal yenilikler,<br>sekt\u00f6r\u00fcm\u00fczdeki geli\u015fmeler,<br>s\u00fcrd\u00fcr\u00fclebilir bir d\u00fcnya i\u00e7in<br>yap\u0131lan ve yap\u0131lmas\u0131 gerekenler<br>de bu ba\u015fl\u0131kta yorumlanacak.<\/p>\n<\/div><figure class=\"wp-block-media-text__media\"><img loading=\"lazy\" decoding=\"async\" width=\"439\" height=\"571\" src=\"https:\/\/nuve.com.tr\/NHaber\/wp-content\/uploads\/2023\/04\/image-3.png\" alt=\"\" class=\"wp-image-784 size-full\" srcset=\"https:\/\/nuve.com.tr\/NHaber\/wp-content\/uploads\/2023\/04\/image-3.png 439w, https:\/\/nuve.com.tr\/NHaber\/wp-content\/uploads\/2023\/04\/image-3-231x300.png 231w\" sizes=\"auto, (max-width: 439px) 100vw, 439px\" \/><\/figure><\/div>\n\n\n\n<hr class=\"wp-block-separator has-alpha-channel-opacity\"\/>\n\n\n\n<p><br><\/p>\n\n\n\n<div class=\"wp-block-media-text alignwide is-stacked-on-mobile\"><figure class=\"wp-block-media-text__media\"><img loading=\"lazy\" decoding=\"async\" width=\"428\" height=\"563\" src=\"https:\/\/nuve.com.tr\/NHaber\/wp-content\/uploads\/2023\/04\/image-4.png\" alt=\"\" class=\"wp-image-785 size-full\" srcset=\"https:\/\/nuve.com.tr\/NHaber\/wp-content\/uploads\/2023\/04\/image-4.png 428w, https:\/\/nuve.com.tr\/NHaber\/wp-content\/uploads\/2023\/04\/image-4-228x300.png 228w\" sizes=\"auto, (max-width: 428px) 100vw, 428px\" \/><\/figure><div class=\"wp-block-media-text__content\">\n<p class=\"has-text-align-right\"><strong>E \u011e \u0130 T \u0130 M L E R<\/strong><\/p>\n\n\n\n<p class=\"has-text-align-right\">Gelecek nesillere bilgi birikimimizi<br>aktarabilmek ve \u00fclkemizde \u00fcretime<br>g\u00f6n\u00fcl verecek yeni nesillerin<br>yeti\u015ftirilmesine destek verebilmek<br>i\u00e7in, \u201cN\u00fcversite\u201d ad\u0131n\u0131 verdi\u011fimiz<br>e\u011fitim platformumuzla okullardan<br>ve sekt\u00f6rden gelen e\u011fitim<br>taleplerini kar\u015f\u0131l\u0131yor, bayilerimize<br>verdi\u011fimiz teknik servis ve sat\u0131\u015f<br>e\u011fitimlerini bu ba\u015fl\u0131kta topluyoruz.<br>Bunun yan\u0131nda en b\u00fcy\u00fck geli\u015fimin<br>\u00f6nce kendimizle ba\u015flad\u0131\u011f\u0131n\u0131<br>biliyor, \u00e7al\u0131\u015fanlar\u0131m\u0131z\u0131n ald\u0131\u011f\u0131<br>e\u011fitimleri ve i\u00e7eriklerini de yine bu<br>b\u00f6l\u00fcmde i\u015fliyoruz.<\/p>\n<\/div><\/div>\n\n\n\n<hr class=\"wp-block-separator has-alpha-channel-opacity\"\/>\n\n\n\n<div class=\"wp-block-media-text alignwide has-media-on-the-right is-stacked-on-mobile\"><div class=\"wp-block-media-text__content\">\n<p><strong>S \u00dc R D \u00dc R \u00dc L E B \u0130 L \u0130 R L \u0130 K<\/strong><br><\/p>\n\n\n\n<p>S\u00fcrd\u00fcr\u00fclebilir bir d\u00fcnya i\u00e7in nas\u0131l bir yol izlememiz, hangi ama\u00e7larla hareket etmemiz gerekti\u011fini ve N\u00fcve olarak s\u00fcrd\u00fcr\u00fclebilir bir d\u00fcnya i\u00e7in hangi ad\u0131mlar\u0131 att\u0131\u011f\u0131m\u0131z\u0131 bu b\u00f6l\u00fcmde anlat\u0131yoruz.<\/p>\n<\/div><figure class=\"wp-block-media-text__media\"><img loading=\"lazy\" decoding=\"async\" width=\"434\" height=\"569\" src=\"https:\/\/nuve.com.tr\/NHaber\/wp-content\/uploads\/2023\/04\/image-5.png\" alt=\"\" class=\"wp-image-786 size-full\" srcset=\"https:\/\/nuve.com.tr\/NHaber\/wp-content\/uploads\/2023\/04\/image-5.png 434w, https:\/\/nuve.com.tr\/NHaber\/wp-content\/uploads\/2023\/04\/image-5-229x300.png 229w\" sizes=\"auto, (max-width: 434px) 100vw, 434px\" \/><\/figure><\/div>\n\n\n\n<hr class=\"wp-block-separator has-alpha-channel-opacity\"\/>\n\n\n\n<div class=\"wp-block-media-text alignwide is-stacked-on-mobile\"><figure class=\"wp-block-media-text__media\"><img loading=\"lazy\" decoding=\"async\" width=\"439\" height=\"564\" src=\"https:\/\/nuve.com.tr\/NHaber\/wp-content\/uploads\/2023\/04\/image-6.png\" alt=\"\" class=\"wp-image-787 size-full\" srcset=\"https:\/\/nuve.com.tr\/NHaber\/wp-content\/uploads\/2023\/04\/image-6.png 439w, https:\/\/nuve.com.tr\/NHaber\/wp-content\/uploads\/2023\/04\/image-6-234x300.png 234w\" sizes=\"auto, (max-width: 439px) 100vw, 439px\" \/><\/figure><div class=\"wp-block-media-text__content\">\n<p><strong>B \u0130 L \u0130 M &#8211; T E K N O L O J \u0130<\/strong><br>D\u00fcnyam\u0131zda ve evrende neler<br>oluyor? \u00c7evresel, sosyal, bilimsel,<br>teknolojik her t\u00fcrl\u00fc geli\u015fmenin<br>okuyucuya aktar\u0131laca\u011f\u0131 bu b\u00f6l\u00fcmde,<br>haberdar olman\u0131n, bilmenin<br>fark\u0131ndal\u0131\u011f\u0131m\u0131z\u0131 ne kadar<br>etkiledi\u011fine \u015fahit olacaks\u0131n\u0131z. Bu<br>b\u00f6l\u00fcmde ayr\u0131ca bize \u00f6rnek olacak,<br>ilham verecek, nas\u0131l ba\u015far\u0131ya<br>ula\u015ft\u0131\u011f\u0131n\u0131 merak etti\u011fimiz bilim<br>insanlar\u0131na ve \u00e7al\u0131\u015fmalar\u0131na da yer<br>verece\u011fiz. Bunun yan\u0131nda en b\u00fcy\u00fck<br>geli\u015fimin \u00f6nce kendimizle<br>ba\u015flad\u0131\u011f\u0131n\u0131 biliyor, \u00e7al\u0131\u015fanlar\u0131m\u0131z\u0131n<br>ald\u0131\u011f\u0131 e\u011fitimleri ve i\u00e7eriklerini de<br>yine bu b\u00f6l\u00fcmde i\u015fliyoruz.<\/p>\n<\/div><\/div>\n\n\n\n<hr class=\"wp-block-separator has-alpha-channel-opacity\"\/>\n\n\n\n<div class=\"wp-block-media-text alignwide has-media-on-the-right is-stacked-on-mobile\"><div class=\"wp-block-media-text__content\">\n<p>K \u00dc L T \u00dc R &#8211; S A N A T<br><\/p>\n\n\n\n<p>Sanat iyile\u015ftirir. \u0130yiye evrilmemize<br>yard\u0131mc\u0131 olur ve geli\u015ftirir. Bir\u00e7ok<br>sanat ak\u0131m\u0131n\u0131n insanlar \u00fczerinde<br>olu\u015fturdu\u011fu etki nesiller boyu<br>g\u00f6zlemlenmi\u015f ve kan\u0131tlanm\u0131\u015f,<br>\u00e7a\u011flar\u0131 kapat\u0131p yeni \u00e7a\u011flar\u0131<br>ba\u015flatm\u0131\u015ft\u0131r. Bu b\u00f6l\u00fcmde<br>s\u00fcrd\u00fcr\u00fclebilir sanat, sanat tarihi<br>ve sanat tarihine b\u00fcy\u00fck katk\u0131lar\u0131<br>olmu\u015f sanat\u00e7\u0131lara yer verece\u011fiz.<br>Ayr\u0131ca ya\u015fam, k\u00fclt\u00fcr, k\u00fclt\u00fcrel<br>aktiviteler ve gezi sayfalar\u0131na da<br>bu b\u00f6l\u00fcmde rastlayacaks\u0131n\u0131z.<\/p>\n<\/div><figure class=\"wp-block-media-text__media\"><img loading=\"lazy\" decoding=\"async\" width=\"432\" height=\"572\" src=\"https:\/\/nuve.com.tr\/NHaber\/wp-content\/uploads\/2023\/04\/image-8.png\" alt=\"\" class=\"wp-image-789 size-full\" srcset=\"https:\/\/nuve.com.tr\/NHaber\/wp-content\/uploads\/2023\/04\/image-8.png 432w, https:\/\/nuve.com.tr\/NHaber\/wp-content\/uploads\/2023\/04\/image-8-227x300.png 227w\" sizes=\"auto, (max-width: 432px) 100vw, 432px\" \/><\/figure><\/div>\n\n\n\n<hr class=\"wp-block-separator has-alpha-channel-opacity\"\/>\n\n\n\n<p><br><\/p>\n\n\n\n<div class=\"wp-block-media-text alignwide is-stacked-on-mobile\"><figure class=\"wp-block-media-text__media\"><img loading=\"lazy\" decoding=\"async\" width=\"450\" height=\"551\" src=\"https:\/\/nuve.com.tr\/NHaber\/wp-content\/uploads\/2023\/04\/image-9.png\" alt=\"\" class=\"wp-image-790 size-full\" srcset=\"https:\/\/nuve.com.tr\/NHaber\/wp-content\/uploads\/2023\/04\/image-9.png 450w, https:\/\/nuve.com.tr\/NHaber\/wp-content\/uploads\/2023\/04\/image-9-245x300.png 245w\" sizes=\"auto, (max-width: 450px) 100vw, 450px\" \/><\/figure><div class=\"wp-block-media-text__content\">\n<p>S \u00d6 Y L E \u015e \u0130<\/p>\n\n\n\n<p>N\u00fcve ailesi olarak \u00fcretime<br>ba\u015flad\u0131\u011f\u0131m\u0131z g\u00fcnden beri en iyiyi<br>\u00fcretmek, en iyi hizmeti vermek i\u00e7in<br>\u00e7al\u0131\u015f\u0131yoruz. \u00dclkemizde ve d\u00fcnyada<br>farkl\u0131 sekt\u00f6rlerde yer alan, \u00e7al\u0131\u015fan,<br>ara\u015ft\u0131ran, \u00fcreten kullan\u0131c\u0131lar\u0131m\u0131z\u0131n<br>deneyimlerine ve hikayelerine bu<br>b\u00f6l\u00fcmde yer verece\u011fiz.<\/p>\n<\/div><\/div>\n","protected":false},"excerpt":{"rendered":"<p>1997 y\u0131l\u0131nda N\u00fcve\u2019nin vizyoner yakla\u015f\u0131m\u0131 ile kendi sekt\u00f6r\u00fcnde ilk kurumsal yay\u0131n olarak hayata ba\u015flayan N\u00fcve B\u00fclten\u2019in ard\u0131ndan 25 y\u0131l ge\u00e7ti. \u00c7al\u0131\u015fanlar\u0131m\u0131z ba\u015fta olmak \u00fczere, bayilerimiz, kullan\u0131c\u0131lar\u0131m\u0131z, \u00fcniversiteler, hastaneler, sanayinin farkl\u0131 alanlar\u0131nda faaliyet g\u00f6steren laboratuvarlar, kamu kurum ve kurulu\u015flar\u0131, sivil toplum kurulu\u015flar\u0131, tedarik\u00e7ilerimiz derken ula\u015ft\u0131\u011f\u0131m\u0131z herkes bize ilham kayna\u011f\u0131 oldu ve yay\u0131nlar\u0131m\u0131z\u0131n devam\u0131nda bize \u0131\u015f\u0131k tuttu. [&hellip;]<\/p>\n","protected":false},"author":1,"featured_media":0,"parent":0,"menu_order":0,"comment_status":"closed","ping_status":"closed","template":"","meta":{"footnotes":""},"class_list":["post-795","page","type-page","status-publish","hentry"],"_links":{"self":[{"href":"https:\/\/nuve.com.tr\/NHaber\/index.php?rest_route=\/wp\/v2\/pages\/795","targetHints":{"allow":["GET"]}}],"collection":[{"href":"https:\/\/nuve.com.tr\/NHaber\/index.php?rest_route=\/wp\/v2\/pages"}],"about":[{"href":"https:\/\/nuve.com.tr\/NHaber\/index.php?rest_route=\/wp\/v2\/types\/page"}],"author":[{"embeddable":true,"href":"https:\/\/nuve.com.tr\/NHaber\/index.php?rest_route=\/wp\/v2\/users\/1"}],"replies":[{"embeddable":true,"href":"https:\/\/nuve.com.tr\/NHaber\/index.php?rest_route=%2Fwp%2Fv2%2Fcomments&post=795"}],"version-history":[{"count":16,"href":"https:\/\/nuve.com.tr\/NHaber\/index.php?rest_route=\/wp\/v2\/pages\/795\/revisions"}],"predecessor-version":[{"id":822,"href":"https:\/\/nuve.com.tr\/NHaber\/index.php?rest_route=\/wp\/v2\/pages\/795\/revisions\/822"}],"wp:attachment":[{"href":"https:\/\/nuve.com.tr\/NHaber\/index.php?rest_route=%2Fwp%2Fv2%2Fmedia&parent=795"}],"curies":[{"name":"wp","href":"https:\/\/api.w.org\/{rel}","templated":true}]}}