{"id":277,"date":"2023-01-15T18:43:07","date_gmt":"2023-01-15T15:43:07","guid":{"rendered":"https:\/\/nuve.com.tr\/NHaber\/?page_id=277"},"modified":"2023-02-22T13:47:47","modified_gmt":"2023-02-22T10:47:47","slug":"n-haber-arsiv","status":"publish","type":"page","link":"https:\/\/nuve.com.tr\/NHaber\/?page_id=277","title":{"rendered":"N`Haber Ar\u015fiv"},"content":{"rendered":"\n\n<div class=\"subpage subpage--nhaber\">\n    <div class=\"container\">\n        <div class=\"subpage-header\">\n            \n        <\/div>\n        <div class=\"press__wrapper\">\n            <div class=\"press__items lightgallery\">\n                                <div class=\"press__item\" data-aos=\"fade-up\">\n                    <div class=\"press__item__inline\">\n                        <a target=\"_blank\" href=\"https:\/\/nuve.com.tr\/uploads\/nhaber\/pdf\/3826d065c6d75f004efe8a54cb3bc5ab.pdf?=354495df5bb8d9fba44052a8063f5d68\" rel=\"noopener\">\n                            <img decoding=\"async\" src=\"https:\/\/nuve.com.tr\/uploads\/nhaber\/image\/200x290\/a53d0b28e0f22f6cd9b046f60489b023.png?=354495df5bb8d9fba44052a8063f5d68\">\n                            <span><\/span>\n                        <\/a>\n                    <\/div>\n                    <div class=\"press__item__bottom\">\n                        <div class=\"press__item__bottom__date\">May\u0131s\/2022<\/div>\n                        <div class=\"press__item__bottom__name\">N\u00fcve B\u00fclten 42. Say\u0131<\/div>\n                    <\/div>\n                <\/div>\n                                <div class=\"press__item\" data-aos=\"fade-up\">\n                    <div class=\"press__item__inline\">\n                        <a target=\"_blank\" href=\"https:\/\/nuve.com.tr\/uploads\/nhaber\/pdf\/db3441a626af0fb379751788880109f1.pdf?=d0596712e6302888519281296b9099ba\" rel=\"noopener\">\n                            <img decoding=\"async\" src=\"https:\/\/nuve.com.tr\/uploads\/nhaber\/image\/200x290\/c3241a840578c15c68bb9765d0c419a5.png?=d0596712e6302888519281296b9099ba\">\n                            <span><\/span>\n                        <\/a>\n                    <\/div>\n                    <div class=\"press__item__bottom\">\n                        <div class=\"press__item__bottom__date\">Sonbahar\/2021<\/div>\n                        <div class=\"press__item__bottom__name\">N\u00fcve B\u00fclten 41. Say\u0131<\/div>\n                    <\/div>\n                <\/div>\n                                <div class=\"press__item\" data-aos=\"fade-up\">\n                    <div class=\"press__item__inline\">\n                        <a target=\"_blank\" href=\"https:\/\/nuve.com.tr\/uploads\/nhaber\/pdf\/373707548fee7866e55f8d5e691f5afd.pdf?=dc16e8d04dcd11c867b3baca379076da\" rel=\"noopener\">\n                            <img decoding=\"async\" src=\"https:\/\/nuve.com.tr\/uploads\/nhaber\/image\/200x290\/6c1fff9a8f092fc6b58c92d64841a6c6.png?=dc16e8d04dcd11c867b3baca379076da\">\n                            <span><\/span>\n                        <\/a>\n                    <\/div>\n                    <div class=\"press__item__bottom\">\n                        <div class=\"press__item__bottom__date\">K\u0131\u015f\/2020<\/div>\n                        <div class=\"press__item__bottom__name\">N\u00fcve B\u00fclten 39. Say\u0131<\/div>\n                    <\/div>\n                <\/div>\n                                <div class=\"press__item\" data-aos=\"fade-up\">\n                    <div class=\"press__item__inline\">\n                        <a target=\"_blank\" href=\"https:\/\/nuve.com.tr\/uploads\/nhaber\/pdf\/e049ab3e3b59afa970c35177c933b8d4.pdf?=e0c637d9e2abca78fdbef78ca7cc5393\" rel=\"noopener\">\n                            <img decoding=\"async\" src=\"https:\/\/nuve.com.tr\/uploads\/nhaber\/image\/200x290\/fc4d211be895541ee23b46e0fb7cb8db.png?=e0c637d9e2abca78fdbef78ca7cc5393\">\n                            <span><\/span>\n                        <\/a>\n                    <\/div>\n                    <div class=\"press__item__bottom\">\n                        <div class=\"press__item__bottom__date\">Yaz\/2019<\/div>\n                        <div class=\"press__item__bottom__name\">N\u00fcve B\u00fclten 38. Say\u0131<\/div>\n                    <\/div>\n                <\/div>\n                                <div class=\"press__item\" data-aos=\"fade-up\">\n                    <div class=\"press__item__inline\">\n                        <a target=\"_blank\" href=\"https:\/\/nuve.com.tr\/uploads\/nhaber\/pdf\/27838a09a0b03a38c0e4f7f5efbb1096.pdf?=67729f96d4cb38eb1f3cefbf1f449d64\" rel=\"noopener\">\n                            <img decoding=\"async\" src=\"https:\/\/nuve.com.tr\/uploads\/nhaber\/image\/200x290\/f6d7282262b7aab5834c05f7a3c207e8.png?=67729f96d4cb38eb1f3cefbf1f449d64\">\n                            <span><\/span>\n                        <\/a>\n                    <\/div>\n                    <div class=\"press__item__bottom\">\n                        <div class=\"press__item__bottom__date\">Yaz\/2017<\/div>\n                        <div class=\"press__item__bottom__name\">N\u00fcve B\u00fclten 37. Say\u0131<\/div>\n                    <\/div>\n                <\/div>\n                                <div class=\"press__item\" data-aos=\"fade-up\">\n                    <div class=\"press__item__inline\">\n                        <a target=\"_blank\" href=\"https:\/\/nuve.com.tr\/uploads\/nhaber\/pdf\/72783b58b5f8a682e53d81ba98e8d8cd.pdf?=dc288d2f7c1b8fccdf3e4f106f6fa095\" rel=\"noopener\">\n                            <img decoding=\"async\" src=\"https:\/\/nuve.com.tr\/uploads\/nhaber\/image\/200x290\/9526229477613b3e517663579cb44693.png?=dc288d2f7c1b8fccdf3e4f106f6fa095\">\n                            <span><\/span>\n                        <\/a>\n                    <\/div>\n                    <div class=\"press__item__bottom\">\n                        <div class=\"press__item__bottom__date\">Yaz\/2016<\/div>\n                        <div class=\"press__item__bottom__name\">N\u00fcve B\u00fclten 36. Say\u0131<\/div>\n                    <\/div>\n                <\/div>\n                                <div class=\"press__item\" data-aos=\"fade-up\">\n                    <div class=\"press__item__inline\">\n                        <a target=\"_blank\" href=\"https:\/\/nuve.com.tr\/uploads\/nhaber\/pdf\/54f837cd44a24e833ba719bcc31afdff.pdf?=07db4e7d194e694b6625c23da29a4534\" rel=\"noopener\">\n                            <img decoding=\"async\" src=\"https:\/\/nuve.com.tr\/uploads\/nhaber\/image\/200x290\/ea70dadbb844cf4c6a30913dd89d1239.png?=07db4e7d194e694b6625c23da29a4534\">\n                            <span><\/span>\n                        <\/a>\n                    <\/div>\n                    <div class=\"press__item__bottom\">\n                        <div class=\"press__item__bottom__date\">Yaz\/2015<\/div>\n                        <div class=\"press__item__bottom__name\">N\u00fcve B\u00fclten 35. Say\u0131<\/div>\n                    <\/div>\n                <\/div>\n                                                                                                                                                                                                                                                            \n            <\/div>\n        <\/div>\n    <\/div>\n<\/div>\n","protected":false},"excerpt":{"rendered":"<p>May\u0131s\/2022 N\u00fcve B\u00fclten 42. Say\u0131 Sonbahar\/2021 N\u00fcve B\u00fclten 41. Say\u0131 K\u0131\u015f\/2020 N\u00fcve B\u00fclten 39. Say\u0131 Yaz\/2019 N\u00fcve B\u00fclten 38. Say\u0131 Yaz\/2017 N\u00fcve B\u00fclten 37. Say\u0131 Yaz\/2016 N\u00fcve B\u00fclten 36. Say\u0131 Yaz\/2015 N\u00fcve B\u00fclten 35. Say\u0131<\/p>\n","protected":false},"author":1,"featured_media":0,"parent":0,"menu_order":0,"comment_status":"closed","ping_status":"closed","template":"","meta":{"footnotes":""},"class_list":["post-277","page","type-page","status-publish","hentry"],"_links":{"self":[{"href":"https:\/\/nuve.com.tr\/NHaber\/index.php?rest_route=\/wp\/v2\/pages\/277","targetHints":{"allow":["GET"]}}],"collection":[{"href":"https:\/\/nuve.com.tr\/NHaber\/index.php?rest_route=\/wp\/v2\/pages"}],"about":[{"href":"https:\/\/nuve.com.tr\/NHaber\/index.php?rest_route=\/wp\/v2\/types\/page"}],"author":[{"embeddable":true,"href":"https:\/\/nuve.com.tr\/NHaber\/index.php?rest_route=\/wp\/v2\/users\/1"}],"replies":[{"embeddable":true,"href":"https:\/\/nuve.com.tr\/NHaber\/index.php?rest_route=%2Fwp%2Fv2%2Fcomments&post=277"}],"version-history":[{"count":4,"href":"https:\/\/nuve.com.tr\/NHaber\/index.php?rest_route=\/wp\/v2\/pages\/277\/revisions"}],"predecessor-version":[{"id":724,"href":"https:\/\/nuve.com.tr\/NHaber\/index.php?rest_route=\/wp\/v2\/pages\/277\/revisions\/724"}],"wp:attachment":[{"href":"https:\/\/nuve.com.tr\/NHaber\/index.php?rest_route=%2Fwp%2Fv2%2Fmedia&parent=277"}],"curies":[{"name":"wp","href":"https:\/\/api.w.org\/{rel}","templated":true}]}}